{"id":289,"date":"2026-01-28T13:10:33","date_gmt":"2026-01-28T13:10:33","guid":{"rendered":"https:\/\/creatus.net\/index.php\/impressum\/"},"modified":"2026-02-05T13:26:26","modified_gmt":"2026-02-05T13:26:26","slug":"impressum","status":"publish","type":"page","link":"https:\/\/creatus.net\/it\/impressum\/","title":{"rendered":"Note legali"},"content":{"rendered":"","protected":false},"excerpt":{"rendered":"","protected":false},"author":3,"featured_media":0,"parent":0,"menu_order":0,"comment_status":"closed","ping_status":"closed","template":"","meta":{"_acf_changed":false,"footnotes":""},"class_list":["post-289","page","type-page","status-publish","hentry"],"acf":{"flexible_inhalte":[{"acf_fc_layout":"content_einspaltig","content_einspaltig":{"settings":{"farben":"normal","paddings":{"padding_oben":"smallTop","padding_unten":"mediumBottom"},"effekte":false},"ausrichtungen":{"desktop":{"text":"links"},"mobil":{"text":"links"}},"settings_einspaltig":"ganze","uberschrift":"Note legali","unteruberschrift":"","text":"Creatus GmbH\r\nHandwerkerzone 14\r\nI-39052 Kaltern (BZ)\r\n<strong>Tel.<\/strong> <a href=\"tel:+39 0471 968600\" target=\"_blank\" rel=\"noopener\">+39 0471 968600<\/a>\r\n<strong>E-Mail:<\/strong> <a href=\"mailto:info@creatus.it\" target=\"_blank\" rel=\"noopener\">info@creatus.it<\/a>\r\n<strong>PEC:<\/strong> <a href=\"mailto:info@pec.niederbacher.it\" target=\"_blank\" rel=\"noopener\">info@pec.niederbacher.it<\/a>\r\n<strong>Internet:<\/strong> <a href=\"http:\/\/www.creatus.it\" target=\"_blank\" rel=\"noopener\">www.creatus.it<\/a>\r\n&nbsp;\r\n<strong>Rappresentante legale:<\/strong> Paul Sch\u00f6pfer\r\n&nbsp;\r\n<strong>Camera di commercio:<\/strong> Bozen\r\n<strong>Numero di registrazione Camera di Commercio:<\/strong> 00520010216\r\n<strong>REA Nr.:<\/strong> BZ \u2013 84739\r\n<strong>UID:<\/strong> IT00520010216\r\n<strong>Capitale sociale:<\/strong> 100.000,00 \u20ac v.e.\r\n&nbsp;\r\n<strong>Responsabile dei contenuti ai sensi dell'articolo 55, paragrafo 2, del Trattato statale sulla radiodiffusione (RStV):<\/strong> Paul Sch\u00f6pfer (Indirizzo come sopra)\r\n&nbsp;\r\n<strong>Informazioni obbligatorie ai sensi del Regolamento UE n. 524\/2013 del Parlamento europeo e del Consiglio:<\/strong>\r\nPiattaforma per la risoluzione online delle controversie in materia di consumo (ODR) della Commissione europea: <a href=\"http:\/\/ec.europa.eu\/consumers\/odr\/\">ec.europa.eu<\/a>\r\n&nbsp;\r\n<strong>Redazione:<\/strong> Paul Sch\u00f6pfer\r\n&nbsp;\r\n&nbsp;\r\n<h3>Webdesign<\/h3>\r\nQuesto sito web \u00e8 stato creato da <a href=\"https:\/\/www.firmenwebseite.jetzt\/\" target=\"_blank\" rel=\"noopener\">firmenwebseite.jetzt<\/a>\r\n&nbsp;\r\nRechengasse 5\r\n6020 Innsbruck\r\nAustria\r\n&nbsp;\r\n<a title=\"Visit firmenwebseite.jetzt\" href=\"https:\/\/www.firmenwebseite.jetzt\/\" target=\"_blank\" rel=\"noopener\"><img class=\"entered lazyloaded\" src=\"https:\/\/wunu.eu\/wunu_logos\/firmenwebseite_logo_1C_weiss.svg\" alt=\"Logo firmenwebseite.jetzt\" width=\"300px\" data-lazy-src=\"https:\/\/wunu.eu\/wunu_logos\/firmenwebseite_logo_1C_weiss.svg\" data-ll-status=\"loaded\" \/><noscript><img decoding=\"async\" class=\"\" src=\"https:\/\/wunu.eu\/wunu_logos\/firmenwebseite_logo_1C_weiss.svg\" alt=\"Logo firmenwebseite.jetzt\" width=\"300px\" \/><\/noscript><\/a>\r\n&nbsp;\r\n&nbsp;\r\n<h3>Esclusione di responsabilit\u00e0<\/h3>\r\nCreatus GmbH si impegna al massimo per garantire che le informazioni contenute in questo sito web siano accurate. Tuttavia, non si assume alcuna responsabilit\u00e0 n\u00e9 fornisce alcuna garanzia in merito all'attualit\u00e0, alla correttezza e alla completezza delle informazioni fornite. Inoltre, Creatus GmbH non \u00e8 responsabile del contenuto dei siti web esterni collegati tramite hyperlink. Creatus GmbH si riserva il diritto di apportare modifiche o integrazioni alle informazioni fornite senza preavviso.\r\n&nbsp;\r\n&nbsp;\r\n<h3>Titolare del trattamento dei dati personali<\/h3>\r\nIl titolare del trattamento dei dati personali derivanti dall'accesso al sito web e dal suo utilizzo \u00e8 Creatus GmbH, 39052 Caldaro, Zona Artigiani 14. Il responsabile della protezione dei dati \u00e8 il sig. Paul Sch\u00f6pfer.\r\nInformazioni dettagliate sulle modalit\u00e0 di gestione del sito web in relazione al trattamento dei dati personali di coloro che lo consultano sono disponibili alla voce Protezione dei dati.\r\n&nbsp;\r\n&nbsp;\r\n<h3>Diritto d'autore<\/h3>\r\nIl layout della homepage, la grafica utilizzata e i contenuti del sito Internet di Creatus GmbH sono protetti dal diritto d'autore. La riproduzione di informazioni, in particolare l'utilizzo di testi, parti di testi o immagini, richiede la previa autorizzazione scritta di Creatus GmbH.","button":null}},{"acf_fc_layout":"grosses_bild","big_picture":{"settings":{"farben":"normal","paddings":{"padding_oben":"smallTop","padding_unten":"smallBottom"},"effekte":false},"settings_bildelement":{"breite":"vollbild","breite_mobil":""},"bild":206,"bild_mobil":null}}]},"_links":{"self":[{"href":"https:\/\/creatus.net\/it\/wp-json\/wp\/v2\/pages\/289","targetHints":{"allow":["GET"]}}],"collection":[{"href":"https:\/\/creatus.net\/it\/wp-json\/wp\/v2\/pages"}],"about":[{"href":"https:\/\/creatus.net\/it\/wp-json\/wp\/v2\/types\/page"}],"author":[{"embeddable":true,"href":"https:\/\/creatus.net\/it\/wp-json\/wp\/v2\/users\/3"}],"replies":[{"embeddable":true,"href":"https:\/\/creatus.net\/it\/wp-json\/wp\/v2\/comments?post=289"}],"version-history":[{"count":4,"href":"https:\/\/creatus.net\/it\/wp-json\/wp\/v2\/pages\/289\/revisions"}],"predecessor-version":[{"id":311,"href":"https:\/\/creatus.net\/it\/wp-json\/wp\/v2\/pages\/289\/revisions\/311"}],"wp:attachment":[{"href":"https:\/\/creatus.net\/it\/wp-json\/wp\/v2\/media?parent=289"}],"curies":[{"name":"wp","href":"https:\/\/api.w.org\/{rel}","templated":true}]}}

Creatus GmbH
Handwerkerzone 14
I-39052 Kaltern (BZ)
<strong>Tel.</strong> <a href="tel:+39 0471 968600" target="_blank" rel="noopener">+39 0471 968600</a>
<strong>E-Mail:</strong> <a href="mailto:info@creatus.it" target="_blank" rel="noopener">info@creatus.it</a>
<strong>PEC:</strong> <a href="mailto:info@pec.niederbacher.it" target="_blank" rel="noopener">info@pec.niederbacher.it</a>
<strong>Internet:</strong> <a href="http://www.creatus.it" target="_blank" rel="noopener">www.creatus.it</a>
&nbsp;
<strong>Rappresentante legale:</strong> Paul Schöpfer
&nbsp;
<strong>Camera di commercio:</strong> Bozen
<strong>Numero di registrazione Camera di Commercio:</strong> 00520010216
<strong>REA Nr.:</strong> BZ – 84739
<strong>UID:</strong> IT00520010216
<strong>Capitale sociale:</strong> 100.000,00 € v.e.
&nbsp;
<strong>Responsabile dei contenuti ai sensi dell'articolo 55, paragrafo 2, del Trattato statale sulla radiodiffusione (RStV):</strong> Paul Schöpfer (Indirizzo come sopra)
&nbsp;
<strong>Informazioni obbligatorie ai sensi del Regolamento UE n. 524/2013 del Parlamento europeo e del Consiglio:</strong>
Piattaforma per la risoluzione online delle controversie in materia di consumo (ODR) della Commissione europea: <a href="http://ec.europa.eu/consumers/odr/">ec.europa.eu</a>
&nbsp;
<strong>Redazione:</strong> Paul Schöpfer
&nbsp;
&nbsp;
<h3>Webdesign</h3>
Questo sito web è stato creato da <a href="https://www.firmenwebseite.jetzt/" target="_blank" rel="noopener">firmenwebseite.jetzt</a>
&nbsp;
Rechengasse 5
6020 Innsbruck
Austria
&nbsp;
<a title="Visit firmenwebseite.jetzt" href="https://www.firmenwebseite.jetzt/" target="_blank" rel="noopener"><img class="entered lazyloaded" src="https://wunu.eu/wunu_logos/firmenwebseite_logo_1C_weiss.svg" alt="Logo firmenwebseite.jetzt" width="300px" data-lazy-src="https://wunu.eu/wunu_logos/firmenwebseite_logo_1C_weiss.svg" data-ll-status="loaded" /><noscript><img decoding="async" class="" src="https://wunu.eu/wunu_logos/firmenwebseite_logo_1C_weiss.svg" alt="Logo firmenwebseite.jetzt" width="300px" /></noscript></a>
&nbsp;
&nbsp;
<h3>Esclusione di responsabilità</h3>
Creatus GmbH si impegna al massimo per garantire che le informazioni contenute in questo sito web siano accurate. Tuttavia, non si assume alcuna responsabilità né fornisce alcuna garanzia in merito all'attualità, alla correttezza e alla completezza delle informazioni fornite. Inoltre, Creatus GmbH non è responsabile del contenuto dei siti web esterni collegati tramite hyperlink. Creatus GmbH si riserva il diritto di apportare modifiche o integrazioni alle informazioni fornite senza preavviso.
&nbsp;
&nbsp;
<h3>Titolare del trattamento dei dati personali</h3>
Il titolare del trattamento dei dati personali derivanti dall'accesso al sito web e dal suo utilizzo è Creatus GmbH, 39052 Caldaro, Zona Artigiani 14. Il responsabile della protezione dei dati è il sig. Paul Schöpfer.
Informazioni dettagliate sulle modalità di gestione del sito web in relazione al trattamento dei dati personali di coloro che lo consultano sono disponibili alla voce Protezione dei dati.
&nbsp;
&nbsp;
<h3>Diritto d'autore</h3>
Il layout della homepage, la grafica utilizzata e i contenuti del sito Internet di Creatus GmbH sono protetti dal diritto d'autore. La riproduzione di informazioni, in particolare l'utilizzo di testi, parti di testi o immagini, richiede la previa autorizzazione scritta di Creatus GmbH.
